{"id":2,"date":"2025-07-03T14:03:55","date_gmt":"2025-07-03T14:03:55","guid":{"rendered":"https:\/\/statist.me\/?page_id=2"},"modified":"2026-04-01T20:51:46","modified_gmt":"2026-04-01T18:51:46","slug":"sample-page","status":"publish","type":"page","link":"https:\/\/statist.me\/","title":{"rendered":"Marianne Eilers"},"content":{"rendered":"\n<div class=\"wp-block-group is-layout-constrained wp-block-group-is-layout-constrained\">\n<div class=\"wp-block-media-text is-stacked-on-mobile\"><figure class=\"wp-block-media-text__media\"><img loading=\"lazy\" decoding=\"async\" width=\"768\" height=\"1024\" src=\"https:\/\/statist.me\/wp-content\/uploads\/2025\/07\/IMG_6531-768x1024.jpg\" alt=\"\" class=\"wp-image-100 size-full\" srcset=\"https:\/\/statist.me\/wp-content\/uploads\/2025\/07\/IMG_6531-768x1024.jpg 768w, https:\/\/statist.me\/wp-content\/uploads\/2025\/07\/IMG_6531-225x300.jpg 225w, https:\/\/statist.me\/wp-content\/uploads\/2025\/07\/IMG_6531-1152x1536.jpg 1152w, https:\/\/statist.me\/wp-content\/uploads\/2025\/07\/IMG_6531-1536x2048.jpg 1536w, https:\/\/statist.me\/wp-content\/uploads\/2025\/07\/IMG_6531-1170x1560.jpg 1170w, https:\/\/statist.me\/wp-content\/uploads\/2025\/07\/IMG_6531-scaled-300x400.jpg 300w, https:\/\/statist.me\/wp-content\/uploads\/2025\/07\/IMG_6531-scaled.jpg 1920w\" sizes=\"auto, (max-width: 768px) 100vw, 768px\" \/><\/figure><div class=\"wp-block-media-text__content\">\n<div class=\"wp-block-group is-style-ona-negative-offset-left has-background has-rock-salt-font-family is-layout-constrained wp-container-core-group-is-layout-abbb172a wp-block-group-is-layout-constrained\" style=\"border-radius:0px;background-color:#fff9f5;padding-top:20%;padding-right:15%;padding-bottom:20%;padding-left:15%\">\n<h1 class=\"wp-block-heading has-text-align-center is-style-ona-alt-font has-rock-salt-font-family has-medium-large-font-size\" id=\"hey-i-m-ona-and-this-is-my-travel-journal\">\u00c4lskar att vara statist<\/h1>\n\n\n\n<p class=\"has-text-align-center has-sour-gummy-font-family\">&#8211; n\u00e4r jag f\u00e5r utvecklas med enklare repliker eller<br>&#8211; som en viktig pusselbit i bakgrunden<\/p>\n<\/div>\n<\/div><\/div>\n\n\n\n<h2 class=\"wp-block-heading has-text-align-center is-style-default has-rock-salt-font-family\">Avancerat statist<\/h2>\n\n\n\n<figure class=\"wp-block-gallery has-nested-images columns-default is-cropped wp-block-gallery-1 is-layout-flex wp-block-gallery-is-layout-flex\">\n<figure class=\"wp-block-image size-large\"><a href=\"https:\/\/l.facebook.com\/l.php?u=https%3A%2F%2Fwww.netflix.com%2Fwatch%2F81413643%3Fs%3Di%26trkid%3D278685009%26t%3D1508%26d%3D15%26momentUuid%3DE9FCE01F-6B4E-47F9-A871-5CD71D426801%26shareType%3DMoment%26shareUuid%3DE9FCA185-B237-46ED-A16F-714694B22762%26trg%3Dcp%26unifiedEntityIdEncoded%3DVideo%253A81413643%26fbclid%3DIwZXh0bgNhZW0CMTEAc3J0YwZhcHBfaWQQMjIyMDM5MTc4ODIwMDg5MgABHo5HOwgRBu-08DF5XwlQYS3M1cbqijToDv2n1Yhg-CKYweV8hthPpBrsdFd5_aem_YGE1GJqq8DY9yFFxdfa_Fg&amp;h=AT4bMpYOaZEJlOO_OucTZ5cs71BSjgvxzE5HMgewJHwBee0rh5Yy15zK02hxYUzQgxiKk8tF2NyN7ASzkGDCJxYFOxXCH8galVEZWs3jNgs0GXZMUc5n_MvLzqrsK1SRfaYJOBaNAecRbQbxOj4&amp;__tn__=H-R&amp;c[0]=AT7o9HbxwGe6q-XYFpc0U3VCWNKIDGZtJXKSzeh25iPxc5azNaD903ucdTcEXOa9QItSwQllnRVCv42_MIX7_ImUAehFZ3xQehhaavbZhqPeCledc8pGWjlZVugLSzrQzIxGYxzm8qpV94nD2YnJR1Szi18IsS4JmIflEt_UZeKxuzjXLoU\"><img loading=\"lazy\" decoding=\"async\" width=\"1611\" height=\"2147\" data-id=\"582\" src=\"https:\/\/statist.me\/wp-content\/uploads\/2025\/07\/IMG_5766-edited-1.jpg\" alt=\"\" class=\"wp-image-582\" srcset=\"https:\/\/statist.me\/wp-content\/uploads\/2025\/07\/IMG_5766-edited-1.jpg 1611w, https:\/\/statist.me\/wp-content\/uploads\/2025\/07\/IMG_5766-edited-1-225x300.jpg 225w, https:\/\/statist.me\/wp-content\/uploads\/2025\/07\/IMG_5766-edited-1-768x1024.jpg 768w, https:\/\/statist.me\/wp-content\/uploads\/2025\/07\/IMG_5766-edited-1-1153x1536.jpg 1153w, https:\/\/statist.me\/wp-content\/uploads\/2025\/07\/IMG_5766-edited-1-1537x2048.jpg 1537w, https:\/\/statist.me\/wp-content\/uploads\/2025\/07\/IMG_5766-edited-1-1170x1559.jpg 1170w, https:\/\/statist.me\/wp-content\/uploads\/2025\/07\/IMG_5766-edited-1-300x400.jpg 300w\" sizes=\"auto, (max-width: 1611px) 100vw, 1611px\" \/><\/a><\/figure>\n\n\n\n<figure class=\"wp-block-image size-large\"><img loading=\"lazy\" decoding=\"async\" width=\"823\" height=\"1097\" data-id=\"614\" src=\"https:\/\/statist.me\/wp-content\/uploads\/2025\/07\/Sveriges-historia-m-kollegor-3-4-sv-kopia-1-edited.jpg\" alt=\"\" class=\"wp-image-614\" srcset=\"https:\/\/statist.me\/wp-content\/uploads\/2025\/07\/Sveriges-historia-m-kollegor-3-4-sv-kopia-1-edited.jpg 823w, https:\/\/statist.me\/wp-content\/uploads\/2025\/07\/Sveriges-historia-m-kollegor-3-4-sv-kopia-1-edited-225x300.jpg 225w, https:\/\/statist.me\/wp-content\/uploads\/2025\/07\/Sveriges-historia-m-kollegor-3-4-sv-kopia-1-edited-768x1024.jpg 768w, https:\/\/statist.me\/wp-content\/uploads\/2025\/07\/Sveriges-historia-m-kollegor-3-4-sv-kopia-1-edited-300x400.jpg 300w\" sizes=\"auto, (max-width: 823px) 100vw, 823px\" \/><\/figure>\n\n\n\n<figure class=\"wp-block-image size-large\"><img loading=\"lazy\" decoding=\"async\" width=\"654\" height=\"873\" data-id=\"583\" src=\"https:\/\/statist.me\/wp-content\/uploads\/2025\/07\/Gransfall5-34-edited.jpeg\" alt=\"\" class=\"wp-image-583\" srcset=\"https:\/\/statist.me\/wp-content\/uploads\/2025\/07\/Gransfall5-34-edited.jpeg 654w, https:\/\/statist.me\/wp-content\/uploads\/2025\/07\/Gransfall5-34-edited-225x300.jpeg 225w, https:\/\/statist.me\/wp-content\/uploads\/2025\/07\/Gransfall5-34-edited-300x400.jpeg 300w\" sizes=\"auto, (max-width: 654px) 100vw, 654px\" \/><\/figure>\n<\/figure>\n\n\n\n<h2 class=\"wp-block-heading has-text-align-center is-style-default has-rock-salt-font-family\">I bakgrunden som<\/h2>\n<\/div>\n\n\n\n<figure class=\"wp-block-gallery has-nested-images columns-default is-cropped wp-block-gallery-2 is-layout-flex wp-block-gallery-is-layout-flex\">\n<figure class=\"wp-block-image size-large\"><img loading=\"lazy\" decoding=\"async\" width=\"1024\" height=\"768\" data-id=\"695\" src=\"https:\/\/statist.me\/wp-content\/uploads\/2025\/10\/Solsidan-sasong-9-avsnitt-1-1024x768.jpg\" alt=\"\" class=\"wp-image-695\" srcset=\"https:\/\/statist.me\/wp-content\/uploads\/2025\/10\/Solsidan-sasong-9-avsnitt-1-1024x768.jpg 1024w, https:\/\/statist.me\/wp-content\/uploads\/2025\/10\/Solsidan-sasong-9-avsnitt-1-300x225.jpg 300w, https:\/\/statist.me\/wp-content\/uploads\/2025\/10\/Solsidan-sasong-9-avsnitt-1-768x576.jpg 768w, https:\/\/statist.me\/wp-content\/uploads\/2025\/10\/Solsidan-sasong-9-avsnitt-1-1536x1152.jpg 1536w, https:\/\/statist.me\/wp-content\/uploads\/2025\/10\/Solsidan-sasong-9-avsnitt-1-2048x1536.jpg 2048w, https:\/\/statist.me\/wp-content\/uploads\/2025\/10\/Solsidan-sasong-9-avsnitt-1-1170x877.jpg 1170w\" sizes=\"auto, (max-width: 1024px) 100vw, 1024px\" \/><\/figure>\n<\/figure>\n\n\n\n<h2 class=\"wp-block-heading has-text-align-center is-style-default has-rock-salt-font-family\">Medverkan i<\/h2>\n\n\n\n<figure class=\"wp-block-gallery has-nested-images columns-4 is-cropped wp-block-gallery-3 is-layout-flex wp-block-gallery-is-layout-flex\">\n<figure class=\"wp-block-image size-medium\"><img loading=\"lazy\" decoding=\"async\" width=\"208\" height=\"300\" data-id=\"565\" src=\"https:\/\/statist.me\/wp-content\/uploads\/2025\/07\/Solsidan-208x300.jpg\" alt=\"\" class=\"wp-image-565\" srcset=\"https:\/\/statist.me\/wp-content\/uploads\/2025\/07\/Solsidan-208x300.jpg 208w, https:\/\/statist.me\/wp-content\/uploads\/2025\/07\/Solsidan-709x1024.jpg 709w, https:\/\/statist.me\/wp-content\/uploads\/2025\/07\/Solsidan-768x1109.jpg 768w, https:\/\/statist.me\/wp-content\/uploads\/2025\/07\/Solsidan-1063x1536.jpg 1063w, https:\/\/statist.me\/wp-content\/uploads\/2025\/07\/Solsidan.jpg 1080w\" sizes=\"auto, (max-width: 208px) 100vw, 208px\" \/><\/figure>\n\n\n\n<figure class=\"wp-block-image size-medium\"><img loading=\"lazy\" decoding=\"async\" width=\"200\" height=\"300\" data-id=\"562\" src=\"https:\/\/statist.me\/wp-content\/uploads\/2025\/07\/Gransfall-200x300.jpg\" alt=\"\" class=\"wp-image-562\" srcset=\"https:\/\/statist.me\/wp-content\/uploads\/2025\/07\/Gransfall-200x300.jpg 200w, https:\/\/statist.me\/wp-content\/uploads\/2025\/07\/Gransfall-683x1024.jpg 683w, https:\/\/statist.me\/wp-content\/uploads\/2025\/07\/Gransfall-768x1152.jpg 768w, https:\/\/statist.me\/wp-content\/uploads\/2025\/07\/Gransfall-1024x1536.jpg 1024w, https:\/\/statist.me\/wp-content\/uploads\/2025\/07\/Gransfall-1365x2048.jpg 1365w, https:\/\/statist.me\/wp-content\/uploads\/2025\/07\/Gransfall-1170x1755.jpg 1170w, https:\/\/statist.me\/wp-content\/uploads\/2025\/07\/Gransfall.jpg 1440w\" sizes=\"auto, (max-width: 200px) 100vw, 200px\" \/><\/figure>\n\n\n\n<figure class=\"wp-block-image size-medium\"><img loading=\"lazy\" decoding=\"async\" width=\"214\" height=\"300\" data-id=\"564\" src=\"https:\/\/statist.me\/wp-content\/uploads\/2025\/07\/small_22b6a0bb615f6ff33f6afb0011d6adcc-nearly_20norma_C3_B6-214x300.jpg\" alt=\"\" class=\"wp-image-564\" srcset=\"https:\/\/statist.me\/wp-content\/uploads\/2025\/07\/small_22b6a0bb615f6ff33f6afb0011d6adcc-nearly_20norma_C3_B6-214x300.jpg 214w, https:\/\/statist.me\/wp-content\/uploads\/2025\/07\/small_22b6a0bb615f6ff33f6afb0011d6adcc-nearly_20norma_C3_B6.jpg 300w\" sizes=\"auto, (max-width: 214px) 100vw, 214px\" \/><\/figure>\n\n\n\n<figure class=\"wp-block-image size-medium\"><img loading=\"lazy\" decoding=\"async\" width=\"200\" height=\"300\" data-id=\"563\" src=\"https:\/\/statist.me\/wp-content\/uploads\/2025\/07\/Historien-om-Sverige-200x300.jpg\" alt=\"\" class=\"wp-image-563\" srcset=\"https:\/\/statist.me\/wp-content\/uploads\/2025\/07\/Historien-om-Sverige-200x300.jpg 200w, https:\/\/statist.me\/wp-content\/uploads\/2025\/07\/Historien-om-Sverige-683x1024.jpg 683w, https:\/\/statist.me\/wp-content\/uploads\/2025\/07\/Historien-om-Sverige-768x1152.jpg 768w, https:\/\/statist.me\/wp-content\/uploads\/2025\/07\/Historien-om-Sverige.jpg 780w\" sizes=\"auto, (max-width: 200px) 100vw, 200px\" \/><\/figure>\n<\/figure>\n\n\n\n<h2 class=\"wp-block-heading has-text-align-center is-style-default has-rock-salt-font-family\">Marianne Eilers<\/h2>\n\n\n\n<p><\/p>\n\n\n\n<figure class=\"wp-block-gallery has-nested-images columns-4 is-cropped wp-block-gallery-4 is-layout-flex wp-block-gallery-is-layout-flex\">\n<figure class=\"wp-block-image size-medium\"><img loading=\"lazy\" decoding=\"async\" width=\"225\" height=\"300\" data-id=\"799\" src=\"https:\/\/statist.me\/wp-content\/uploads\/2026\/02\/4B24BD3C-A29A-4822-9F82-873CAD8F3616_1_105_c-225x300.jpg\" alt=\"\" class=\"wp-image-799\" srcset=\"https:\/\/statist.me\/wp-content\/uploads\/2026\/02\/4B24BD3C-A29A-4822-9F82-873CAD8F3616_1_105_c-225x300.jpg 225w, https:\/\/statist.me\/wp-content\/uploads\/2026\/02\/4B24BD3C-A29A-4822-9F82-873CAD8F3616_1_105_c.jpg 768w\" sizes=\"auto, (max-width: 225px) 100vw, 225px\" \/><\/figure>\n\n\n\n<figure class=\"wp-block-image size-medium\"><img loading=\"lazy\" decoding=\"async\" width=\"225\" height=\"300\" data-id=\"798\" src=\"https:\/\/statist.me\/wp-content\/uploads\/2026\/02\/E31A0A85-FA33-4F17-BCF5-7285014E48C0_1_105_c-225x300.jpg\" alt=\"\" class=\"wp-image-798\" srcset=\"https:\/\/statist.me\/wp-content\/uploads\/2026\/02\/E31A0A85-FA33-4F17-BCF5-7285014E48C0_1_105_c-225x300.jpg 225w, https:\/\/statist.me\/wp-content\/uploads\/2026\/02\/E31A0A85-FA33-4F17-BCF5-7285014E48C0_1_105_c.jpg 768w\" sizes=\"auto, (max-width: 225px) 100vw, 225px\" \/><\/figure>\n\n\n\n<figure class=\"wp-block-image size-medium\"><img loading=\"lazy\" decoding=\"async\" width=\"225\" height=\"300\" data-id=\"797\" src=\"https:\/\/statist.me\/wp-content\/uploads\/2026\/02\/B9A04140-F876-477A-ACE8-B4C8C4C01764_1_105_c-225x300.jpg\" alt=\"\" class=\"wp-image-797\" srcset=\"https:\/\/statist.me\/wp-content\/uploads\/2026\/02\/B9A04140-F876-477A-ACE8-B4C8C4C01764_1_105_c-225x300.jpg 225w, https:\/\/statist.me\/wp-content\/uploads\/2026\/02\/B9A04140-F876-477A-ACE8-B4C8C4C01764_1_105_c.jpg 768w\" sizes=\"auto, (max-width: 225px) 100vw, 225px\" \/><\/figure>\n\n\n\n<figure class=\"wp-block-image size-medium\"><img loading=\"lazy\" decoding=\"async\" width=\"225\" height=\"300\" data-id=\"796\" src=\"https:\/\/statist.me\/wp-content\/uploads\/2026\/02\/28B025C6-5BA5-4D74-B065-A5B12AED6357_1_105_c-225x300.jpg\" alt=\"\" class=\"wp-image-796\" srcset=\"https:\/\/statist.me\/wp-content\/uploads\/2026\/02\/28B025C6-5BA5-4D74-B065-A5B12AED6357_1_105_c-225x300.jpg 225w, https:\/\/statist.me\/wp-content\/uploads\/2026\/02\/28B025C6-5BA5-4D74-B065-A5B12AED6357_1_105_c.jpg 768w\" sizes=\"auto, (max-width: 225px) 100vw, 225px\" \/><\/figure>\n<\/figure>\n\n\n\n<figure class=\"wp-block-gallery has-nested-images columns-default is-cropped wp-block-gallery-5 is-layout-flex wp-block-gallery-is-layout-flex\">\n<figure class=\"wp-block-image size-large\"><img loading=\"lazy\" decoding=\"async\" width=\"768\" height=\"1024\" data-id=\"100\" src=\"https:\/\/statist.me\/wp-content\/uploads\/2025\/07\/IMG_6531-768x1024.jpg\" alt=\"\" class=\"wp-image-100\" srcset=\"https:\/\/statist.me\/wp-content\/uploads\/2025\/07\/IMG_6531-768x1024.jpg 768w, https:\/\/statist.me\/wp-content\/uploads\/2025\/07\/IMG_6531-225x300.jpg 225w, https:\/\/statist.me\/wp-content\/uploads\/2025\/07\/IMG_6531-1152x1536.jpg 1152w, https:\/\/statist.me\/wp-content\/uploads\/2025\/07\/IMG_6531-1536x2048.jpg 1536w, https:\/\/statist.me\/wp-content\/uploads\/2025\/07\/IMG_6531-1170x1560.jpg 1170w, https:\/\/statist.me\/wp-content\/uploads\/2025\/07\/IMG_6531-scaled-300x400.jpg 300w, https:\/\/statist.me\/wp-content\/uploads\/2025\/07\/IMG_6531-scaled.jpg 1920w\" sizes=\"auto, (max-width: 768px) 100vw, 768px\" \/><\/figure>\n\n\n\n<figure class=\"wp-block-image size-large\"><img loading=\"lazy\" decoding=\"async\" width=\"1920\" height=\"2560\" data-id=\"577\" src=\"https:\/\/statist.me\/wp-content\/uploads\/2025\/07\/IMG_6300-edited-scaled.jpg\" alt=\"\" class=\"wp-image-577\" srcset=\"https:\/\/statist.me\/wp-content\/uploads\/2025\/07\/IMG_6300-edited-scaled.jpg 1920w, https:\/\/statist.me\/wp-content\/uploads\/2025\/07\/IMG_6300-edited-225x300.jpg 225w, https:\/\/statist.me\/wp-content\/uploads\/2025\/07\/IMG_6300-edited-768x1024.jpg 768w, https:\/\/statist.me\/wp-content\/uploads\/2025\/07\/IMG_6300-edited-1152x1536.jpg 1152w, https:\/\/statist.me\/wp-content\/uploads\/2025\/07\/IMG_6300-edited-1536x2048.jpg 1536w, https:\/\/statist.me\/wp-content\/uploads\/2025\/07\/IMG_6300-edited-1170x1560.jpg 1170w\" sizes=\"auto, (max-width: 1920px) 100vw, 1920px\" \/><\/figure>\n<\/figure>\n\n\n\n<h2 class=\"wp-block-heading has-text-align-center is-style-default has-rock-salt-font-family\">Gl\u00e4dje &amp; Balans<\/h2>\n\n\n\n<figure class=\"wp-block-gallery has-nested-images columns-4 is-cropped wp-block-gallery-6 is-layout-flex wp-block-gallery-is-layout-flex\">\n<figure class=\"wp-block-image size-medium\"><img loading=\"lazy\" decoding=\"async\" width=\"613\" height=\"816\" data-id=\"591\" src=\"https:\/\/statist.me\/wp-content\/uploads\/2025\/07\/CF6B0021-91CF-4F3C-BD93-64B41BA8EFB2_1_105_c-edited.jpeg\" alt=\"\" class=\"wp-image-591\" srcset=\"https:\/\/statist.me\/wp-content\/uploads\/2025\/07\/CF6B0021-91CF-4F3C-BD93-64B41BA8EFB2_1_105_c-edited.jpeg 613w, https:\/\/statist.me\/wp-content\/uploads\/2025\/07\/CF6B0021-91CF-4F3C-BD93-64B41BA8EFB2_1_105_c-edited-225x300.jpeg 225w\" sizes=\"auto, (max-width: 613px) 100vw, 613px\" \/><\/figure>\n\n\n\n<figure class=\"wp-block-image size-medium\"><img loading=\"lazy\" decoding=\"async\" width=\"225\" height=\"300\" data-id=\"280\" src=\"https:\/\/statist.me\/wp-content\/uploads\/2025\/07\/IMG_6365-225x300.jpg\" alt=\"\" class=\"wp-image-280\" srcset=\"https:\/\/statist.me\/wp-content\/uploads\/2025\/07\/IMG_6365-225x300.jpg 225w, https:\/\/statist.me\/wp-content\/uploads\/2025\/07\/IMG_6365-768x1024.jpg 768w, https:\/\/statist.me\/wp-content\/uploads\/2025\/07\/IMG_6365-1152x1536.jpg 1152w, https:\/\/statist.me\/wp-content\/uploads\/2025\/07\/IMG_6365-1536x2048.jpg 1536w, https:\/\/statist.me\/wp-content\/uploads\/2025\/07\/IMG_6365-1170x1560.jpg 1170w, https:\/\/statist.me\/wp-content\/uploads\/2025\/07\/IMG_6365-scaled.jpg 1920w\" sizes=\"auto, (max-width: 225px) 100vw, 225px\" \/><\/figure>\n\n\n\n<figure class=\"wp-block-image size-full\"><img loading=\"lazy\" decoding=\"async\" width=\"724\" height=\"966\" data-id=\"184\" src=\"https:\/\/statist.me\/wp-content\/uploads\/2025\/07\/efoil34.jpg\" alt=\"\" class=\"wp-image-184\"\/><\/figure>\n<\/figure>\n\n\n\n<h2 class=\"wp-block-heading has-text-align-center is-style-default has-rock-salt-font-family\"><\/h2>\n\n\n\n<p><a href=\"https:\/\/statist.me\/wp-admin\/edit.php?post_type=page\"><\/a><\/p>\n\n\n\n<p><\/p>\n","protected":false},"excerpt":{"rendered":"<p>\u00c4lskar att vara statist &#8211; n\u00e4r jag f\u00e5r utvecklas med enklare repliker eller&#8211; som en viktig pusselbit i bakgrunden Avancerat statist I bakgrunden som Medverkan i Marianne Eilers Gl\u00e4dje &amp; Balans<\/p>\n","protected":false},"author":3,"featured_media":100,"parent":0,"menu_order":1,"comment_status":"closed","ping_status":"closed","template":"","meta":{"footnotes":""},"class_list":["post-2","page","type-page","status-publish","has-post-thumbnail","hentry"],"_links":{"self":[{"href":"https:\/\/statist.me\/index.php\/wp-json\/wp\/v2\/pages\/2","targetHints":{"allow":["GET"]}}],"collection":[{"href":"https:\/\/statist.me\/index.php\/wp-json\/wp\/v2\/pages"}],"about":[{"href":"https:\/\/statist.me\/index.php\/wp-json\/wp\/v2\/types\/page"}],"author":[{"embeddable":true,"href":"https:\/\/statist.me\/index.php\/wp-json\/wp\/v2\/users\/3"}],"replies":[{"embeddable":true,"href":"https:\/\/statist.me\/index.php\/wp-json\/wp\/v2\/comments?post=2"}],"version-history":[{"count":163,"href":"https:\/\/statist.me\/index.php\/wp-json\/wp\/v2\/pages\/2\/revisions"}],"predecessor-version":[{"id":857,"href":"https:\/\/statist.me\/index.php\/wp-json\/wp\/v2\/pages\/2\/revisions\/857"}],"wp:featuredmedia":[{"embeddable":true,"href":"https:\/\/statist.me\/index.php\/wp-json\/wp\/v2\/media\/100"}],"wp:attachment":[{"href":"https:\/\/statist.me\/index.php\/wp-json\/wp\/v2\/media?parent=2"}],"curies":[{"name":"wp","href":"https:\/\/api.w.org\/{rel}","templated":true}]}}